prime factors of 48048304.
2, 757, 3967
What are the prime factors of 3160475463?
3, 1053491821
List the prime factors of 1887309112.
2, 13, 83, 218641
List the prime factors of 23087745.
3, 5, 23, 22307
What are the prime factors of 44488921?
44488921
List the prime factors of 45242848.
2, 7, 17, 109
List the prime factors of 42969527.
1229, 34963
What are the prime factors of 32790702?
2, 3, 7, 111533
List the prime factors of 253767895.
5, 19, 2671241
List the prime factors of 10330334.
2, 7, 859
What are the prime factors of 171566917?
10331, 16607
What are the prime factors of 227832924?
2, 3, 11, 163, 10589
List the prime factors of 32596333.
7, 11, 47, 9007
List the prime factors of 338641172.
2, 84660293
What are the prime factors of 52450759?
179, 293021
What are the prime factors of 401773394?
2, 11, 18262427
List the prime factors of 1263383207.
19, 31, 53, 40471
What are the prime factors of 37630936?
2, 7, 671981
List the prime factors of 243798029.
61, 79, 50591
What are the prime factors of 128675557?
8837, 14561
What are the prime factors of 1036805534?
2, 601, 862567
What are the prime factors of 8092752084?
2, 3, 224798669
What are the prime factors of 736148393?
736148393
What are the prime factors of 97834440?
2, 3, 5, 11, 137, 541
What are the prime factors of 2430200852?
2, 19, 31976327
List the prime factors of 2188364981.
11, 643, 2557
What are the prime factors of 102656325?
3, 5, 281, 4871
What are the prime factors of 255253420?
2, 5, 151, 84521
What are the prime factors of 23960994?
2, 3, 947, 4217
List the prime factors of 453664884.
2, 3, 37805407
List the prime factors of 51956729.
11, 1319, 3581
List the prime factors of 827387753.
827387753
List the prime factors of 10934313.
3, 13, 251, 1117
What are the prime factors of 405935447?
405935447
What are the prime factors of 192666078?
2, 3, 11, 23, 42307
What are the prime factors of 92232508?
2, 53, 435059
List the prime factors of 86041686.
2, 3, 14340281
What are the prime factors of 54908040?
2, 3, 5, 11, 41597
What are the prime factors of 1554281615?
5, 617, 503819
What are the prime factors of 339187417?
17, 23, 867487
What are the prime factors of 2913485792?
2, 7, 97, 134089
List the prime factors of 50432523.
3, 17, 58169
List the prime factors of 347270110.
2, 5, 11, 3157001
What are the prime factors of 8803081?
7, 631, 1993
What are the prime factors of 487154468?
2, 1129, 107873
What are the prime factors of 240702858?
2, 3, 11, 173, 7027
List the prime factors of 21976150.
2, 5, 7, 37, 1697
List the prime factors of 47488445.
5, 23, 412943
What are the prime factors of 292936265?
5, 17, 163, 21143
List the prime factors of 1030474217.
10289, 100153
What are the prime factors of 49970100?
2, 3, 5, 166567
What are the prime factors of 72515629?
109, 577, 1153
List the prime factors of 77047280.
2, 5, 19, 173, 293
What are the prime factors of 144453173?
3347, 43159
List the prime factors of 288806941.
37, 7805593
What are the prime factors of 4792281107?
37, 71, 191, 9551
List the prime factors of 1074868997.
41, 26216317
What are the prime factors of 72744641?
72744641
What are the prime factors of 57481695?
3, 5, 109, 11719
What are the prime factors of 3306891262?
2, 67, 347, 71119
What are the prime factors of 232915617?
3, 11, 29, 31, 2617
List the prime factors of 96223290.
2, 3, 5, 3207443
What are the prime factors of 1342859339?
1342859339
List the prime factors of 2410928443.
7, 11, 31310759
List the prime factors of 865767783.
3, 31, 300301
List the prime factors of 3832284625.
5, 13, 2358329
What are the prime factors of 43934503?
37, 1187419
List the prime factors of 62714917.
2521, 24877
What are the prime factors of 5947716945?
3, 5, 271, 1463153
What are the prime factors of 700963917?
3, 233654639
List the prime factors of 438497807.
11, 39863437
List the prime factors of 2464314.
2, 3, 31, 13249
List the prime factors of 546981555.
3, 5, 1873, 19469
List the prime factors of 765573772.
2, 311, 615413
List the prime factors of 1550942356.
2, 387735589
List the prime factors of 217262521.
7, 4433929
What are the prime factors of 659703720?
2, 3, 5, 13, 53, 79, 101
What are the prime factors of 4561259852?
2, 19, 653, 91909
What are the prime factors of 56871955?
5, 7, 1624913
What are the prime factors of 1294751681?
53, 107, 228311
List the prime factors of 549667619.
549667619
List the prime factors of 402239486.
2, 11, 18283613
List the prime factors of 3239512930.
2, 5, 43, 7533751
What are the prime factors of 37502928?
2, 3, 137, 1901
What are the prime factors of 71885916?
2, 3, 541, 3691
List the prime factors of 111721048.
2, 577, 24203
What are the prime factors of 153425816?
2, 17, 199, 5669
What are the prime factors of 62080208?
2, 1427, 2719
What are the prime factors of 56405806?
2, 373, 75611
What are the prime factors of 2542091690?
2, 5, 127, 15761
List the prime factors of 164005394.
2, 7, 11714671
List the prime factors of 16736692.
2, 7, 41, 61, 239
List the prime factors of 1545161837.
353, 4377229
What are the prime factors of 3612590075?
5, 359, 402517
What are the prime factors of 360975160?
2, 5, 7, 13, 31, 457
What are the prime factors of 65314558?
2, 41, 419, 1901
List the prime factors of 76186552.
2, 13, 37, 1523
List the prime factors of 21571131.
3, 7190377
What are the prime factors of 62481014?
2, 1063, 29389
List the prime factors of 42767431.
7, 29, 457, 461
What are the prime factors of 4174166031?
3, 7, 19, 83, 241, 523
What are the prime factors of 31481789?
131, 240319
What are the prime factors of 162666588?
2, 3, 7, 277, 6991
List the prime factors of 1234315579.
7, 2269, 77713
What are the prime factors of 657042577?
24109, 27253
List the prime factors of 165076291.
41, 53, 75967
What are the prime factors of 65988184?
2, 107, 127, 607
What are the prime factors of 731619382?
2, 13, 193, 145799
List the prime factors of 775966965.
3, 5, 617, 83843
List the prime factors of 3287179370.
2, 5, 137, 1549
List the prime factors of 47050475.
5, 17, 149, 743
List the prime factors of 527671452.
2, 3, 7, 11, 173, 3301
What are the prime factors of 3775073050?
2, 5, 7, 31, 347933
What are the prime factors of 1746936906?
2, 3, 11, 13, 293, 6949
List the prime factors of 7791085107.
3, 13, 2473, 26927
List the prime factors of 2285129049.
3, 7, 47, 2315227
What are the prime factors of 854561041?
71, 149, 80779
List the prime factors of 351157524.
2, 3, 1087, 26921
What are the prime factors of 186923450?
2, 5, 7, 197, 2711
List the prime factors of 44882087.
44882087
What are the prime factors of 6789087?
3, 754343
List the prime factors of 21123098.
2, 19, 555871
List the prime factors of 757819457.
757819457
What are the prime factors of 28884157?
31, 931747
List the prime factors of 49016449.
283, 379, 457
List the prime factors of 330357914.
2, 165178957
What are the prime factors of 703342086?
2, 3, 1453, 80677
What are the prime factors of 69893779?
6577, 10627
List the prime factors of 92943474.
2, 3, 13, 41, 29063
What are the prime factors of 3559595691?
3, 29, 40914893
What are the prime factors of 29244211?
19, 397, 3877
What are the prime factors of 170313717?
3, 7, 1847, 4391
What are the prime factors of 533482128?
2, 3, 3704737
List the prime factors of 140024561.
109, 757, 1697
What are the prime factors of 152310250?
2, 5, 609241
What are the prime factors of 76171065?
3, 5, 59, 86069
What are the prime factors of 32815911?
3, 127, 86131
List the prime factors of 2110597471.
2110597471
What are the prime factors of 9570462?
2, 3, 11, 145007
What are the prime factors of 46311271?
67, 167, 4139
List the prime factors of 55352585.
5, 11070517
What are the prime factors of 437608661?
7, 182261
List the prime factors of 7672390889.
7672390889
What are the prime factors of 715337466?
2, 3, 727, 163993
List the prime factors of 14549358.
2, 3, 29, 83617
List the prime factors of 75208061.
19, 1319, 3001
What are the prime factors of 483458005?
5, 96691601
What are the prime factors of 479532499?
53, 1483, 6101
What are the prime factors of 5899549180?
2, 5, 7, 251, 167887
List the prime factors of 264206065.
5, 613, 86201
What are the prime factors of 1756403170?
2, 5, 175640317
What